 9142*u - 3. Calculate n(1).
-5
Let p(i) = -177*i**2 + 53446*i + 2415. What is p(302)?
-1
Let d(x) = 739*x**2 - 101235*x - 1089. What is d(137)?
7
Let v(n) = -206*n**2 - 5408*n - 1338. Determine v(-26).
14
Let v(q) = -204*q**2 - 3613*q + 1075. Determine v(-18).
13
Let l(s) = 65*s + 3659. Determine l(-51).
344
Let t(y) = -y**3 - 6*y**2 + 73*y - 260. Give t(4).
-128
Let n(g) = 1213*g + 62828. Calculate n(-51).
965
Let l(y) = 2069*y + 1026222. Give l(-496).
-2
Let d(u) = -2*u**2 + 372*u - 12312. Determine d(143).
-14
Let t(p) = 43198*p + 39253. Give t(-1).
-3945
Let y(l) = l**3 + 109*l**2 - 2298*l + 148. Determine y(-127).
1672
Let s(y) = 1684*y + 48873. Give s(-29).
37
Let w(c) = -207*c**2 + 37886*c - 925. Calculate w(183).
-10
Let y(r) = 4*r**3 + 1370*r**2 + 714*r + 10241. Give y(-342).
-19
Let f(o) = 4*o**3 - 36*o**2 - 3047*o + 30069. Determine f(10).
-1
Let x(o) = 415*o + 8143. Calculate x(-21).
-572
Let a(o) = 13*o**2 - 1445*o + 4256. Give a(3).
38
Let z(p) = p**3 - 310*p**2 - 3538*p - 152. What is z(-11)?
-75
Let d(p) = -24644*p - 246484. Calculate d(-10).
-44
Let m(r) = -2*r**2 + 45*r + 1889. Determine m(48).
-559
Let w(t) = t**2 + 1262*t - 23. Calculate w(0).
-23
Let r(n) = 48*n**3 + 1541*n**2 + 163*n + 106. What is r(-32)?
10
Let a(q) = -2*q**3 - 58*q**2 - 377*q - 9746. Give a(-29).
1187
Let y(m) = 8*m**2 - 419*m - 12369. Calculate y(-21).
-42
Let i(x) = -2*x**2 - 35*x + 364. What is i(7)?
21
Let z(o) = 2*o**2 - 363*o - 5674. Give z(196).
10
Let p(g) = -g**3 + 189*g**2 - 3228*g + 6. Determine p(19).
44
Let w(b) = -469*b + 5055. Give w(11).
-104
Let v(a) = -20029*a - 400554. What is v(-20)?
26
Let g(q) = -1241*q - 84373. Calculate g(-68).
15
Let z(q) = 3108*q - 9328. Determine z(3).
-4
Let q(x) = -4*x**2 + 1318*x + 55051. Calculate q(367).
1
Let m(i) = -9*i**2 + 830*i - 15840. What is m(27)?
9
Let o(y) = -766*y - 120931. Calculate o(-158).
97
Let x(k) = 28*k**2 - 996*k + 482. Calculate x(35).
-78
Let t(n) = -n**2 + 43293*n - 173145. Calculate t(4).
11
Let w(a) = 26*a**3 + 2129*a**2 - 242*a + 341. Calculate w(-82).
13
Let k(s) = -39563*s - 197824. What is k(-5)?
-9
Let k(l) = -2*l**3 - 35*l**2 + 78*l + 2110. What is k(-14)?
-354
Let t(p) = p**2 - 1594*p + 66774. Calculate t(43).
81
Let x(k) = -k**3 - 13*k**2 - 12*k + 57. What is x(-11)?
-53
Let j(u) = 66699*u - 133344. What is j(2)?
54
Let c(u) = u**2 + 7218*u + 229937. Calculate c(-32).
-15
Let w(m) = 4264*m + 281428. Give w(-66).
4
Let r(p) = -p**3 + 8*p**2 + 310*p - 2266. Give r(7).
-47
Let a(l) = -1642*l**2 + 49269*l - 265. Give a(30).
5
Let s(w) = -7*w**2 - 204*w + 6759. Determine s(20).
-121
Let g(d) = -233*d**2 - 270*d + 274. Calculate g(1).
-229
Let l(y) = -341*y**2 - 508*y - 509. Give l(-1).
-342
Let z(x) = -x**3 + 29*x**2 + 729*x - 15. Calculate z(0).
-15
Let o(z) = 160401*z + 320816. Determine o(-2).
14
Let w(t) = -t**3 + 8*t**2 - 25*t + 119. Give w(9).
-187
Let q(x) = -x**3 - 31*x**2 - 272*x - 1631. Determine q(-22).
-3
Let p(s) = 108*s + 9728. Give p(-90).
8
Let x(d) = -4*d**2 + 9724*d + 58494. What is x(-6)?
6
Let a(p) = -p**3 - 91*p**2 + 80*p + 15294. Give a(-90).
-6
Let f(y) = -787*y - 166860. Determine f(-212).
-16
Let q(g) = -90*g**2 - 5880*g + 3745. What is q(-66)?
-215
Let v(w) = -1937*w + 11499. Calculate v(6).
-123
Let y(v) = -77127*v - 65. What is y(0)?
-65
Let s(w) = -2*w**3 + 14*w**2 - 106*w + 773. Calculate s(7).
31
Let h(j) = -j**3 + 208*j**2 + 1923*j + 157749. Determine h(220).
9
Let n(x) = -4*x**3 + 165*x**2 - 461*x + 10443. Calculate n(40).
3
Let f(p) = 236081*p - 2360801. Give f(10).
9
Let o(x) = -x**3 + 19*x**2 - 122*x + 7772. Calculate o(26).
-132
Let m(z) = -74*z**3 + 4522*z**2 - 492*z + 230. Calculate m(61).
-14
Let n(x) = -9921*x - 3323529. Calculate n(-335).
6
Let v(f) = -16*f - 1316. Determine v(83).
-2644
Let j(f) = -f**2 + 2076*f + 238166. What is j(-109)?
1
Let m(p) = -59*p**2 - 18*p - 113. Calculate m(-2).
-313
Let c(m) = -m**3 + 20*m**2 + 2*m + 356. Determine c(22).
-568
Let n(p) = -11204*p - 3137109. Give n(-280).
11
Let r(d) = -3*d**2 - 979*d - 76851. Give r(-136).
805
Let p(b) = 358*b + 6491. Give p(-22).
-1385
Let p(h) = 100*h**2 + 655*h - 3324. Determine p(5).
2451
Let d(a) = 2077*a**2 - 171*a - 171. Determine d(-1).
2077
Let u(x) = x**3 - 16*x**2 + 114*x - 285. Determine u(15).
1200
Let p(m) = -747*m**3 - 2*m**2 + 110*m + 111. What is p(-1)?
746
Let w(s) = -s**3 + 498*s**2 - 10464*s - 4005. What is w(476)?
-197
Let n(c) = -76*c**2 - 180*c + 519. Calculate n(3).
-705
Let r(c) = -224*c + 55905. Calculate r(253).
-767
Let o(b) = -b**3 + 48*b**2 - 82*b - 12035. Give o(37).
-10
Let n(m) = 57*m**2 + 4821*m + 4822. Determine n(-1).
58
Let d(o) = -o**3 - 176*o**2 + 1067*o - 4558. What is d(-182)?
-8
Let q(y) = -y**2 + 1448*y - 30041. Calculate q(21).
-74
Let x(c) = -663*c + 41674. Determine x(63).
-95
Let k(g) = 171*g + 4366. Give k(-25).
91
Let s(v) = 21611*v - 3155231. What is s(146)?
-25
Let m(g) = 135*g**3 - 85*g**2 - 170*g - 1. Determine m(-2).
-1081
Let j(a) = 107*a**2 - 653*a + 43. Determine j(6).
-23
Let i(w) = 9*w**3 - 18*w**2 - 36597*w + 109793. What is i(3)?
83
Let o(k) = 5*k**3 - 61*k**2 + 20*k - 57. Give o(12).
39
Let n(d) = 8330*d - 1591027. Give n(191).
3
Let h(k) = k**3 - 295*k**2 + 2918*k - 19474. Give h(285).
-94
Let y(l) = 822*l - 484961. Determine y(590).
19
Let j(q) = -56*q**2 - 213*q - 190. What is j(-10)?
-3660
Let m(s) = 9574*s + 1206329. Give m(-126).
5
Let l(x) = -x**3 + 71*x**2 - 1126*x + 6. What is l(47)?
100
Let t(c) = -c**3 - 20*c**2 - 23193*c - 463862. Give t(-20).
-2
Let w(j) = -8005*j + 816512. Determine w(102).
2
Let n(d) = -18*d**2 - 153*d + 154. Determine n(1).
-17
Let g(y) = y**2 - 4591*y - 1420665. Calculate g(-291).
-3
Let r(f) = 311*f**2 + 6*f + 12. What is r(-2)?
1244
Let n(c) = 3*c**3 + 25*c**2 + 137*c + 106. Calculate n(-4).
-234
Let q(k) = -4*k**2 + 84*k - 893. Give q(12).
-461
Let z(l) = -18115*l + 18097. Calculate z(1).
-18
Let r(a) = -2961*a + 5200. Determine r(2).
-722
Let s(v) = -v**3 + 110*v**2 - 51*v - 39534. Determine s(106).
4
Let r(f) = 31*f**2 - 817*f - 11877. Determine r(-14).
5637
Let o(y) = 15*y + 997. What is o(-67)?
-8
Let l(i) = i**3 - 27*i**2 + 33*i - 604. Determine l(27).
287
Let j(u) = 13698*u + 4835396. Calculate j(-353).
2
Let k(q) = 20*q**2 + 13*q + 24. What is k(-5)?
459
Let q(t) = t**3 - 336*t**2 + 3062*t - 4786. What is q(2)?
2
Let y(h) = -4*h**2 + 58*h + 1181. Give y(26).
-15
Let f(z) = -2*z**2 - 2*z + 6370. Calculate f(-57).
-14
Let j(w) = -26622*w - 532485. What is j(-20)?
-45
Let q(f) = 108082*f + 3782852. Determine q(-35).
-18
Let i(s) = -9*s**2 - 1635*s + 293598. Calculate i(-293).
12
Let d(t) = 426*t**2 + 170*t + 339. Calculate d(-2).
1703
Let a(d) = 176292*d + 13221900. Calculate a(-75).
0
Let z(w) = 800*w - 23926. Determine z(30).
74
Let y(r) = -152776*r - 305554. Give y(-2).
-2
Let t(k) = 141*k**2 - 1545*k - 3085. Determine t(-2).
569
Let g(w) = w**3 + 83*w**2 - 1972*w - 79031. Calculate g(-95).
9
Let f(n) = -n**2 - 190*n - 10657. What is f(-98)?
-1641
Let c(j) = -j**2 - 9056*j - 324743. What is c(-36)?
-23
Let g(v) = 46*v - 1562. Determine g(35).
48
Let v(l) = -91*l**2 + 11907*l + 351. What is v(131)?
-1483
Let c(s) = s**3 + 151*s**2 + 4777*s + 321. What is c(-45)?
6
Let z(m) = -728*m**2 + 783338*m - 10755. Give z(1076).
5
Let f(b) = 6*b**2 - 85*b - 68. What is f(10)?
-318
Let q(a) = -6*a**2 - 56*a + 33. Determine q(-11).
-77
Let b(x) = -12406*x - 23937. Give b(-2).
875
Let p(w) = -11*w**3 - 1249*w**2 - 8796*w + 221. Give p(-106).
9
Let h(m) = m**3 - 10*m**2 - 1632*m - 1087. Calculate h(46).
17
Let k(w) = 28541*w - 228325. What is k(8)?
3
Let b(m) = -3206*m - 730973. What is b(-228)?
-5
Let q(j) = 21648*j - 433040. Calculate q(20).
-80
Let u(m) = -12*m**2 + 612*m - 292. Determine u(50).
308
Let o(j) = 767*j + 12453. What is o(-23)?
-5188
Let a(n) = -n**3 - 463*n**2 + 941*n - 20. Give a(2).
2
Let r(s) = -56*s**2 + 1140*s - 56. Give r(18).
2320
Let l(t) = -12543*t**2 + 25085*t + 4. Determine l(2).
2
Let w(h) = 285661*h + 3713610. What is w(-13)?
17
Let b(s) = -532*s + 23766. What is b(45)?
-174
Let a(b) = 13*b**2 + 2630*b - 1868. Give a(-203).
-41
Let h(v) = -v**2 - 425*v - 43222. Give h(-257).
-46
Let p(d) = 414*d + 7525. What is p(-18)?
73
Let j(r) = -28216*r + 141